78 divide 654328?
True
Is 14 a factor of 421420?
False
Is 2 a factor of 329205?
False
Is 465 a factor of 10569718?
False
Is 171 a factor of 3752766?
True
Is 570 a factor of 9793740?
True
Does 27 divide 36316?
False
Does 36 divide 933516?
True
Does 555 divide 1613940?
True
Is 23 a factor of 3625848?
False
Is 1117548 a multiple of 15?
False
Is 34 a factor of 3562?
False
Does 7 divide 422701?
False
Is 24883 a multiple of 4?
False
Is 101998 a multiple of 36?
False
Does 162 divide 673110?
True
Is 58 a factor of 130719?
False
Is 3 a factor of 3232?
False
Is 104926 a multiple of 46?
True
Is 696024 a multiple of 669?
False
Is 364142 a multiple of 116?
False
Is 9628329 a multiple of 69?
True
Is 5 a factor of 50580?
True
Is 67473 a multiple of 25?
False
Is 212 a factor of 18849768?
True
Is 181519 a multiple of 98?
False
Does 217 divide 225029?
True
Is 322593 a multiple of 20?
False
Is 3 a factor of 16396?
False
Does 6 divide 130160?
False
Is 9 a factor of 9018814?
False
Is 496698 a multiple of 114?
True
Does 54 divide 714930?
False
Is 1824631 a multiple of 81?
False
Is 18 a factor of 74772?
True
Is 82743 a multiple of 19?
False
Is 15 a factor of 102126?
False
Does 58 divide 136880?
True
Is 7949 a multiple of 295?
False
Is 10795799 a multiple of 7?
True
Is 78 a factor of 457860?
True
Is 495900 a multiple of 225?
True
Is 1507126 a multiple of 89?
True
Does 19 divide 326268?
True
Is 10479 even?
False
Is 280 a factor of 342619?
False
Does 30 divide 1367379?
False
Does 21 divide 4031043?
False
Does 76 divide 148884?
True
Is 1583022 a multiple of 42?
True
Is 74 a factor of 923143?
False
Is 57124 a multiple of 44?
False
Is 2968777 a multiple of 217?
True
Is 44 a factor of 441804?
True
Does 10 divide 3567937?
False
Is 5 a factor of 87813?
False
Does 44 divide 924154?
False
Does 111 divide 124986?
True
Is 3286624 a multiple of 31?
False
Does 19 divide 991591?
True
Is 240 a factor of 168626?
False
Does 1259 divide 509231?
False
Does 192 divide 241421?
False
Is 34534395 a multiple of 11?
False
Is 123583 a multiple of 3?
False
Does 52 divide 986648?
True
Is 6095232 a multiple of 148?
True
Does 458 divide 1523444?
False
Is 328082 a multiple of 85?
False
Does 60 divide 35940?
True
Does 52 divide 2393350?
False
Is 3418633 a multiple of 36?
False
Does 49 divide 1457439?
False
Is 729 a factor of 151847?
False
Is 7 a factor of 406441?
True
Is 9 a factor of 1960785?
True
Does 145 divide 3126200?
True
Does 14 divide 1892562?
True
Is 11901169 a multiple of 7?
True
Does 11 divide 513592?
False
Is 26 a factor of 30121?
False
Is 91 a factor of 380407?
False
Is 121 a factor of 2049808?
False
Is 16 a factor of 1585776?
True
Is 39749 a multiple of 3?
False
Is 3194328 a multiple of 24?
True
Does 14 divide 1140017?
False
Is 973804 a multiple of 61?
True
Is 175 a factor of 8935150?
True
Does 245 divide 30078?
False
Is 11 a factor of 54748?
False
Does 13 divide 4229207?
False
Does 55 divide 222749?
False
Is 390 a factor of 243750?
True
Is 526841 a multiple of 73?
True
Is 36 a factor of 2921367?
False
Does 10 divide 118624?
False
Is 2174504 a multiple of 236?
True
Does 4 divide 54990?
False
Is 305822 a multiple of 11?
True
Is 58662 a multiple of 3?
True
Is 93 a factor of 1702272?
True
Does 109 divide 3310836?
False
Does 30 divide 118135?
False
Is 22 a factor of 96799?
False
Is 127 a factor of 112776?
True
Is 407 a factor of 170940?
True
Is 33 a factor of 146982?
True
Does 29 divide 270888?
False
Is 441330 a multiple of 47?
True
Is 1240760 a multiple of 14?
False
Is 12 a factor of 2379376?
False
Is 42 a factor of 225024?
False
Does 1024 divide 3007488?
True
Is 137 a factor of 58362?
True
Does 281 divide 14221?
False
Is 1623 a factor of 10065120?
False
Does 24 divide 200279?
False
Is 7796940 a multiple of 290?
True
Is 90 a factor of 1697402?
False
Is 8615029 a multiple of 79?
True
Is 19 a factor of 1251872?
True
Does 45 divide 357345?
True
Is 428 a factor of 429284?
True
Is 3 a factor of 18843?
True
Does 701 divide 1528180?
True
Is 353 a factor of 299697?
True
Is 4 a factor of 739374?
False
Does 23 divide 676279?
False
Does 77 divide 282436?
True
Does 66 divide 10626?
True
Is 34463 a multiple of 53?
False
Does 556 divide 17198748?
True
Does 28 divide 16683?
False
Is 99 a factor of 150301?
False
Is 8 a factor of 458218?
False
Does 1136 divide 2319712?
True
Is 585 a factor of 54596?
False
Does 93 divide 177444?
True
Is 285626 a multiple of 8?
False
Is 293210 a multiple of 5?
True
Is 239 a factor of 86757?
True
Is 14348 a multiple of 68?
True
Does 36 divide 575907?
False
Is 16 a factor of 1822942?
False
Is 10702330 a multiple of 26?
False
Is 57 a factor of 1899297?
True
Is 7701280 a multiple of 16?
True
Is 18 a factor of 32210?
False
Does 61 divide 652176?
False
Is 35829 a multiple of 27?
True
Is 640 a factor of 3929738?
False
Does 30 divide 3028160?
False
Is 29 a factor of 64511?
False
Does 144 divide 1970208?
True
Is 23 a factor of 150565?
False
Is 3665200 a multiple of 17?
True
Does 577 divide 3469501?
True
Is 4767716 a multiple of 23?
True
Is 8 a factor of 5425136?
True
Is 43 a factor of 262943?
False
Is 983648 a multiple of 61?
False
Is 69976 a multiple of 4?
True
Is 23 a factor of 1069822?
True
Does 4 divide 67258?
False
Does 5 divide 81975?
True
Is 87012 a multiple of 29?
False
Does 436 divide 232349?
False
Does 18 divide 14832?
True
Is 6784 a multiple of 52?
False
Is 402 a factor of 11860206?
True
Does 5 divide 3198715?
True
Is 5 a factor of 122385?
True
Is 139 a factor of 322341?
True
Does 3 divide 34924?
False
Is 112680 a multiple of 26?
False
Is 25 a factor of 676496?
False
Is 62 a factor of 697314?
True
Is 36348 a multiple of 37?
False
Does 50 divide 674850?
True
Is 338243 a multiple of 385?
False
Is 28 a factor of 22820?
True
Is 24 a factor of 1232?
False
Is 19 a factor of 693722?
False
Is 206201 a multiple of 81?
False
Is 204 a factor of 78023?
False
Is 349999 a multiple of 4?
False
Is 21116 a multiple of 59?
False
Is 63 a factor of 3948458?
False
Is 513958 a multiple of 250?
False
Does 35 divide 463330?
True
Is 48 a factor of 3270672?
True
Is 15 a factor of 85110?
True
Is 645556 a multiple of 199?
True
Is 252316 a multiple of 414?
False
Does 69 divide 6964584?
True
Is 24 a factor of 352752?
True
Is 32 a factor of 1156622?
False
Is 2 a factor of 1005616?
True
Is 424950 a multiple of 10?
True
Is 980319 a multiple of 81?
False
Is 621180 a multiple of 62?
False
Is 3935631 a multiple of 18?
False
Is 196257 a multiple of 387?
False
Is 3115696 a multiple of 592?
True
Is 512153 a multiple of 23?
False
Is 3 a factor of 63338?
False
Does 911 divide 533846?
True
Does 7 divide 1284790?
False
Is 25056 a multiple of 54?
True
Does 40 divide 458669?
False
Is 197609 a multiple of 311?
False
Is 11 a factor of 9170533?
False
Is 20 a factor of 53474?
False
Is 21 a factor of 45861?
False
Is 5 a factor of 1576945?
True
Is 716775 even?
False
Does 239 divide 90342?
True
Is 1110420 a multiple of 310?
True
Is 104457 a multiple of 96?
False
Is 4 a factor of 4130?
False
Is 41 a factor of 694294?
True
Does 13 divide 9651122?
True
Is 198988 a multiple of 5?
False
Is 63 a factor of 7805700?
True
Does 109 divide 1435094?
True
Is 916920 a multiple of 311?
False
Does 32 divide 213726?
False
Does 13 divide 1886534?
True
Is 4938824 a multiple of 540?
False
Is 1296890 a multiple of 1337?
True
Is 1261933 a multiple of 28?
False
Is 523224 a multiple of 344?
True
Does 15 divide 193163?
False
Is 16 a factor of 63872?
True
Is 17 a factor of 109650?
True
Is 6 a factor of 108443?
False
Is 195648 a multiple of 24?
True
Does 3 divide 67358?
False
Does 20 divide 65199?
False
Does 788 divide 4762088?
False
Is 199300 a multiple of 50?
True
Does 97 divide 200014?
True
Is 135 a factor of 680535?
True
Is 8 a factor of 8515408?
True
Does 23 divide 1444964?
False
Does 5 divide 1780760?
True
Is 95139 a multiple of 99?
True
Is 162582 a multiple of 42?
True
Does 47 divide 53298?
True
Is 312 a factor of 3402048?
True
Does 35 divide 383013?
False
Is 1358 a factor of 3697365?
False
Does 18 divide 5495094?
True
Is 88428 a multiple of 12?
True
Does 458 divide 104331?
False
Does 10 divide 96344?
False
Is 24696 a multiple of 84?
True
Is 46 a factor of 24773990?
True
Is 10 a factor of 273260?
True
Does 65 divide 69030?
True
Is 10 a f